
Let f(x) = 17*x**2 - 6*x - 67. What is the units digit of f(-7)?
8
Let c be (-2)/(-5) + (-204)/(-15). Let n(s) = s**3 - 7*s**2 - 9*s + 2. Let z be n(8). Let y = z + c. What is the units digit of y?
8
Suppose m + 158 = -2*q, 0 = m - 2. Let j = 171 + q. What is the tens digit of j?
9
What is the hundreds digit of ((-1)/(-6) - 1)/((-96)/425664)?
6
Suppose i = -3*h + 8, -h + 2*i - 2 = 7*i. Suppose -27 + 3 = -h*s. What is the units digit of s?
8
Suppose -5*i + 52 = 4*v - 2025, 5*v = -4*i + 2603. What is the tens digit of v?
2
Let r(t) = 5 - 3 - 7*t - 3 - t**2 + 0. Let f be r(-6). Suppose 22 = f*v - 43. What is the tens digit of v?
1
Let t be (0 - -1)*(-22)/11. What is the tens digit of (162/(-45))/(t/10)?
1
Suppose 4*w - 75 = -3*t + 5, -2*t - 8 = 0. Suppose 24*p - w*p - 2 = 0. What is the units digit of p?
2
Let y be (-2)/8 - (-18)/(-24)*13. What is the units digit of (y/(-4) - 3)*-22?
1
Let n = 110 - 5. Suppose -15*o = -12*o - n. What is the tens digit of o?
3
Suppose -3 = 2*x + 3. Let g = x - -71. Suppose 6*u - g = 4*u. What is the tens digit of u?
3
Let t(p) = -8*p**3 + 2*p**2 + 1 - 4*p**3 + 3*p - p. Let i be (60/8)/(-15)*(-1 + 3). What is the units digit of t(i)?
3
Let c(a) = a**3 + 6*a**2 - 4*a - 2. Suppose 0 = -2*l + 4*l - 42. Let s = 18 - l. What is the units digit of c(s)?
7
Suppose 9*b = 12*b - 1830. What is the tens digit of b?
1
Let g = 1023 + -527. Suppose -g - 80 = -4*d - 3*y, -2*d + 3*y + 270 = 0. What is the units digit of d?
1
Let y(g) = g**2 - 12*g + 10. Let j be y(11). Let k be (-5)/15*6*j. Suppose 2*a + k*m = -a + 81, -4*m = -3*a + 63. What is the tens digit of a?
2
Let j = 1292 + -339. What is the hundreds digit of j?
9
Let k(d) be the first derivative of 3*d**3 + d**2/2 - 3*d - 7. Let w be k(2). Suppose 3*m - w = -g, 3*g + g - 89 = 5*m. What is the tens digit of g?
2
Let u(q) be the third derivative of -q**4/24 + 5*q**3/3 + 8*q**2. Let y be u(-10). What is the tens digit of 388/y + (-2)/5?
1
Let b = -51 - -55. Suppose b*i + j - 189 = i, -2*i + j = -126. What is the tens digit of i?
6
What is the units digit of (102/5)/(15/400)?
4
Suppose 0*g + 2835 = 3*g. Suppose -7*i = -g + 28. What is the hundreds digit of i?
1
Suppose 0*k - k - 25 = 5*n, 4*k + 4*n = -20. Suppose -3*a + i + 131 + 78 = k, -3*a - 3*i = -201. What is the units digit of a?
9
Let w be (-4)/(-7)*49/14. Let t be (318/(-3)*1)/w. Let n = 101 + t. What is the tens digit of n?
4
Let s be (-16)/4 + 2 + (1 - 32). Let k = s - -58. What is the units digit of k?
5
Let m(u) = -21*u - 3. Let g be m(-6). Let v = 219 - g. Let j = v - 68. What is the units digit of j?
8
Let n(v) = 7*v**3 - v**2 + 2*v - 1. Let p be n(1). Suppose 9*j = p*j + 140. What is the units digit of j?
0
Suppose p + 208 = 1275. What is the units digit of p?
7
Let c(i) = -i**2 - 6*i - 3. Suppose -3*p = -8*p - 20. Let b be c(p). Suppose -5*q - 2*g = -45, 0*g = 4*q - b*g - 3. What is the units digit of q?
7
Suppose -u = 3*n - 6, 3*u + 2*n - 56 = -2*u. Suppose -508 = 8*d - u*d. What is the units digit of d?
7
What is the tens digit of ((-206)/8)/((-9)/12)*6?
0
Let q be 6*(0 + 2/4). Suppose 4*x - 2*r = 5 + 1, -q*r = -2*x + 1. What is the units digit of 6 + (1 - x - 2)?
3
Suppose 4*i = 4*g - 24, -g + 2*i - 38 = -4*g. Suppose -9*z + g*z = 91. What is the units digit of z?
1
What is the thousands digit of 2*(-2)/(-10)*2615?
1
Let b(j) = -2*j**3 - 3*j**2. Suppose 2*d + 2 = -3*i, 0 = 3*i - 0*i - 5*d - 5. Suppose 2*l - l + 3 = i. What is the units digit of b(l)?
7
Let p(v) = -v - 6. Let q be p(-9). Suppose -h + 16 = q*h. Suppose 0 = 8*a - h*a - 24. What is the units digit of a?
6
Let k(w) = 381*w + 58. What is the hundreds digit of k(2)?
8
Let p = -39 - -358. What is the tens digit of p?
1
Let j = 34 + -4. Let w = 33 - j. Suppose 0*a = 4*a + w*f - 290, -6 = -3*f. What is the units digit of a?
1
Let s(r) = -r**3 + 6*r**2 + 3*r + 4. Let k be s(3). Suppose 0*u - 4*c = -u + 24, 4*c - k = -u. What is the tens digit of u?
3
Suppose k = -7 - 1. Let z = -7 - k. Let t = z + 14. What is the units digit of t?
5
Let x(r) be the first derivative of r**4/4 + 11*r**3/3 - 3*r**2 + 22*r + 19. What is the tens digit of x(-11)?
8
Suppose -1024 = -22*b + 472. What is the units digit of b?
8
Let x(q) = q**3 + 37*q**2 - 4*q + 48. What is the tens digit of x(-37)?
9
Let u be (2 - 0)/(-2)*2. Let x be (6*10)/(u/3). What is the units digit of (-1)/4 + x/(-8)?
1
Let l be (-6 + 3)*-1 + (0 - -1). Let u(c) = 6*c**2 - 5*c + 3. What is the units digit of u(l)?
9
Suppose 5*c + 294 = -4*t, 2*c = -0*c - 4. Let q = t - -131. What is the units digit of q?
0
Let o = 828 - -152. What is the hundreds digit of o?
9
Suppose -8*a + 38*a - 55320 = 0. What is the hundreds digit of a?
8
Let q = -79 + 79. Suppose q*r - 371 = -4*z + r, 3 = 3*r. What is the tens digit of z?
9
Suppose -6*g + 3*g + 156 = 0. Suppose -d + 59 = -w, -3*d - g = 4*w - 194. What is the units digit of d?
4
Let a = -6 + 5. Let l(i) = 5*i**2 - 1. Let d be l(a). Suppose d*m + 3 = -9, -93 = -4*o - 5*m. What is the units digit of o?
7
Let t(d) = -81*d + 82. What is the tens digit of t(-15)?
9
Let k(v) = -322*v - 295. What is the tens digit of k(-3)?
7
Let m(i) = -55*i**3 + 3*i**2 + 5*i - 5. What is the units digit of m(-3)?
2
Let r be (23 + -26)*8/3. Let h = r + 57. What is the units digit of h?
9
Let x(s) = s**2 + 5*s + 9. Suppose -v = 4*a - 14, -4*v + 1 + 1 = -2*a. Suppose 0 = -2*o - 4*j - 8, -8 = -5*j - a. What is the units digit of x(o)?
5
Let v(d) = d**2 - 7*d - 56. Let x be v(12). Suppose -354 = 2*z - 3*z + x*f, 4*f + 12 = 0. What is the units digit of z?
2
Let f = -110 - -191. Let a be f/12 - 15/20. Suppose a*d - 245 = d. What is the tens digit of d?
4
What is the hundreds digit of ((-3339)/45)/(3/15*-1)?
3
What is the tens digit of 434/(-20)*-22 - (-6)/(-15)?
7
Let q = -401 + 1097. What is the hundreds digit of q?
6
Suppose 43*y - 49*y = -10734. What is the hundreds digit of y?
7
Let f(j) = j**2 - 14*j + 20. Suppose -2*u - 9 + 1 = 0. Let h be 3/6*(u - -32). What is the tens digit of f(h)?
2
Let o be (-10)/(-4) - 4/(-8). Let j = -51 - -51. Suppose j = -3*t + 24 - o. What is the units digit of t?
7
Suppose -3*o - 18 = i + 28, -3*i = 3. Let w = 7 - o. What is the units digit of w?
2
Let k be (-1)/(-6)*-4*-3. Suppose -33 + 93 = -k*b. What is the units digit of b*6*1/(-10)?
8
Let m be (-1)/(-3) + 8/3. Let l(h) = -h**2 + 2*h + 1. Let j(s) = s**3 - 7*s**2 + 10*s + 3. Let f(v) = j(v) - 5*l(v). What is the units digit of f(m)?
7
Let u(o) = -11*o + 2. Suppose 0 = 5*l - 25, 6*l - 29 = m + l. Let g be u(m). What is the tens digit of 1/(2/(g/1))?
2
Let s(w) = -w**2 + w + 534. What is the tens digit of s(0)?
3
Suppose 2*h = -2*h + 1132. Suppose -h = 2*y - 39. What is the units digit of (-3)/12 - y/8?
5
Suppose 14*a - 11*a = -2*t + 1647, 0 = t - a - 816. What is the hundreds digit of t?
8
Suppose -38*x = -35*x - 2*r - 4318, -2*x + 2888 = r. What is the thousands digit of x?
1
Let z(f) = -2*f**2 - 2*f - 1. Let y be z(-2). Let m(w) = 4*w**2 + 3*w + 3. Let g be m(y). What is the units digit of g/9 - (-2)/9?
0
Suppose -2*w + 478 = 12*g - 11*g, 952 = 2*g + 3*w. Let d = 677 - g. What is the hundreds digit of d?
2
Let f be 3*(-2 + 41/3). Let s(o) = -14*o + 75. Let b be s(6). Let y = f + b. What is the tens digit of y?
2
Let g(z) = -123*z + 3. What is the units digit of g(-4)?
5
Let i(u) = u**3 + 7*u**2 + 4*u - 2. Suppose 2*w - 19 = -z, -5*w + 3*z + 0*z + 53 = 0. Let q = 4 - w. What is the units digit of i(q)?
0
Suppose -3 = -2*o + 3. Let s(m) = 4*m + o*m - 4*m - 2*m. What is the units digit of s(11)?
1
Suppose t - 237 = u - 2*u, -u + 228 = -2*t. What is the tens digit of u?
3
Let j be (-8)/(-1) + 1 + 0. Suppose -5*t + 2*t = -j. Let i = t - -1. What is the units digit of i?
4
Let v = 14 - -3. Suppose v = -a + k, -4*a + a - 3*k - 45 = 0. What is the tens digit of (-4)/a - (-604)/16?
3
Let s(l) = 11*l - 1. Suppose 0 = -3*j - 12, 3*j = -4*y + 2*j. What is the units digit of s(y)?
0
Let z = 250 - -139. What is the hundreds digit of z?
3
Let f(h) = 13*h - 74. What is the tens digit of f(19)?
7
Let z(m) = m**2 + 4*m + 4. Let x be z(-4). Suppose -n + 7 = 5*h, -7*h - 5 = -2*n - 8*h. Suppose x*p = n*p + 72. What is the units digit of p?
6
Let j = 158 + -258. Let s be (-12)/21 + j/(-28). Suppose -2*b + 0*w + 160 = s*